{"id":195,"date":"2025-03-25T23:38:57","date_gmt":"2025-03-25T22:38:57","guid":{"rendered":"https:\/\/hoju.ovh\/?page_id=195"},"modified":"2025-03-26T16:46:22","modified_gmt":"2025-03-26T15:46:22","slug":"qsl-historie","status":"publish","type":"page","link":"https:\/\/hoju.ovh\/index.php\/qsl-historie\/","title":{"rendered":"QSL-Karten"},"content":{"rendered":"\n<h3 class=\"wp-block-heading\">Wat ass eng QSL-Kaart?<\/h3>\n\n\n\n<p>Eng&nbsp;<strong>QSL-Kaart<\/strong>&nbsp;ass eng schr\u00ebftlech Best\u00e4tegung vun engem Funkkontakt (QSO) t\u00ebscht zwou Funkstatiounen. Si g\u00ebtt vu Funkamateuren benotzt, fir d&#8217;Kommunikatioun iwwer Radio festzehalen an als Er\u00ebnnerung oder Sammelst\u00e9ck auszetauschen.<\/p>\n\n\n\n<p>Eng typesch QSL-Kaart enth\u00e4lt wichteg Informatiounen w\u00e9i d&#8217;Ruffzeechen, d&#8217;Datum an d&#8217;Auerz\u00e4it vum Kontakt, d&#8217;Frequenz, d&#8217;Modulationsart an de Signalrapport. Vill Funkamateure gestalten hir QSL-Kaarte pers\u00e9inlech mat Biller vun hirer Statioun oder hirer Heemecht.<\/p>\n\n\n\n<p>D\u00ebs Kaarte k\u00ebnne\u00a0<strong>direkt<\/strong>\u00a0oder iwwer\u00a0<strong>QSL-B\u00fcroe vun de Funkver\u00e4iner<\/strong>\u00a0versch\u00e9ckt ginn. An der Welt vum Amateurfunk an och am\u00a0<strong>Jamboree on the Air (JOTA)<\/strong>\u00a0spillen QSL-Kaarte eng wichteg Roll, well si eng\u00a0<strong>verbindend Traditioun<\/strong> t\u00ebscht Funkamateuren aus der ganzer Welt sinn.<\/p>\n\n\n\n<h3 class=\"wp-block-heading\">Ons QSL-Historik<\/h3>\n\n\n\n<div class=\"wp-block-pb-accordion-item c-accordion__item js-accordion-item no-js is-open\" data-initially-open=\"true\" data-click-to-close=\"true\" data-auto-close=\"true\" data-scroll=\"false\" data-scroll-offset=\"0\"><h3 id=\"at-1950\" class=\"c-accordion__title js-accordion-controller\" role=\"button\">2024<\/h3><div id=\"ac-1950\" class=\"c-accordion__content\">\n<div class=\"wp-block-columns is-layout-flex wp-container-core-columns-is-layout-9d6595d7 wp-block-columns-is-layout-flex\">\n<div class=\"wp-block-column is-layout-flow wp-block-column-is-layout-flow\"><div class=\"wp-block-image\">\n<figure class=\"aligncenter size-full\"><img loading=\"lazy\" decoding=\"async\" width=\"420\" height=\"298\" src=\"http:\/\/hoju.ovh\/wp-content\/uploads\/2025\/03\/LX14J.gif\" alt=\"\" class=\"wp-image-198\"\/><\/figure>\n<\/div><\/div>\n<\/div>\n<\/div><\/div>\n\n\n\n<div class=\"wp-block-pb-accordion-item c-accordion__item js-accordion-item no-js\" data-initially-open=\"false\" data-click-to-close=\"true\" data-auto-close=\"true\" data-scroll=\"false\" data-scroll-offset=\"0\"><h3 id=\"at-1951\" class=\"c-accordion__title js-accordion-controller\" role=\"button\">2023<\/h3><div id=\"ac-1951\" class=\"c-accordion__content\">\n<div class=\"wp-block-columns is-layout-flex wp-container-core-columns-is-layout-9d6595d7 wp-block-columns-is-layout-flex\">\n<div class=\"wp-block-column is-layout-flow wp-block-column-is-layout-flow\">\n<figure class=\"wp-block-image size-full\"><img loading=\"lazy\" decoding=\"async\" width=\"576\" height=\"369\" src=\"http:\/\/hoju.ovh\/wp-content\/uploads\/2025\/03\/LX1JAH.jpg\" alt=\"\" class=\"wp-image-197\" srcset=\"https:\/\/hoju.ovh\/wp-content\/uploads\/2025\/03\/LX1JAH.jpg 576w, https:\/\/hoju.ovh\/wp-content\/uploads\/2025\/03\/LX1JAH-300x192.jpg 300w\" sizes=\"auto, (max-width: 576px) 100vw, 576px\" \/><\/figure>\n<\/div>\n\n\n\n<div class=\"wp-block-column is-layout-flow wp-block-column-is-layout-flow\">\n<figure class=\"wp-block-image size-full\"><img loading=\"lazy\" decoding=\"async\" width=\"576\" height=\"369\" src=\"http:\/\/hoju.ovh\/wp-content\/uploads\/2025\/03\/LX1JAJ.jpg\" alt=\"\" class=\"wp-image-196\" srcset=\"https:\/\/hoju.ovh\/wp-content\/uploads\/2025\/03\/LX1JAJ.jpg 576w, https:\/\/hoju.ovh\/wp-content\/uploads\/2025\/03\/LX1JAJ-300x192.jpg 300w\" sizes=\"auto, (max-width: 576px) 100vw, 576px\" \/><\/figure>\n<\/div>\n<\/div>\n<\/div><\/div>\n\n\n\n<p><\/p>\n","protected":false},"excerpt":{"rendered":"<p>Wat ass eng QSL-Kaart? Eng&nbsp;QSL-Kaart&nbsp;ass eng schr\u00ebftlech Best\u00e4tegung vun engem Funkkontakt (QSO) t\u00ebscht zwou Funkstatiounen. Si g\u00ebtt vu Funkamateuren benotzt,&hellip;<\/p>\n","protected":false},"author":2,"featured_media":0,"parent":0,"menu_order":0,"comment_status":"closed","ping_status":"closed","template":"","meta":{"footnotes":""},"class_list":["post-195","page","type-page","status-publish","hentry"],"_links":{"self":[{"href":"https:\/\/hoju.ovh\/index.php\/wp-json\/wp\/v2\/pages\/195","targetHints":{"allow":["GET"]}}],"collection":[{"href":"https:\/\/hoju.ovh\/index.php\/wp-json\/wp\/v2\/pages"}],"about":[{"href":"https:\/\/hoju.ovh\/index.php\/wp-json\/wp\/v2\/types\/page"}],"author":[{"embeddable":true,"href":"https:\/\/hoju.ovh\/index.php\/wp-json\/wp\/v2\/users\/2"}],"replies":[{"embeddable":true,"href":"https:\/\/hoju.ovh\/index.php\/wp-json\/wp\/v2\/comments?post=195"}],"version-history":[{"count":3,"href":"https:\/\/hoju.ovh\/index.php\/wp-json\/wp\/v2\/pages\/195\/revisions"}],"predecessor-version":[{"id":204,"href":"https:\/\/hoju.ovh\/index.php\/wp-json\/wp\/v2\/pages\/195\/revisions\/204"}],"wp:attachment":[{"href":"https:\/\/hoju.ovh\/index.php\/wp-json\/wp\/v2\/media?parent=195"}],"curies":[{"name":"wp","href":"https:\/\/api.w.org\/{rel}","templated":true}]}}