{"id":2,"date":"2025-03-13T17:46:29","date_gmt":"2025-03-13T16:46:29","guid":{"rendered":"http:\/\/hoju.ovh\/?page_id=2"},"modified":"2025-03-25T22:56:56","modified_gmt":"2025-03-25T21:56:56","slug":"beispiel-seite","status":"publish","type":"page","link":"https:\/\/hoju.ovh\/index.php\/beispiel-seite\/","title":{"rendered":"JOTA-JOTI"},"content":{"rendered":"\n<p>All Joer organis\u00e9ieren&nbsp;<strong>HO-JU Team <\/strong>e spannend&nbsp;<strong>JOTA-JOTI<\/strong><\/p>\n\n\n\n<p class=\"has-text-align-left\"> Hei entdecke mir d\u2019Welt vun der Kommunikatioun a verbannen eis iwwer Funk an Internet mat Scouten aus der ganzer Welt.<\/p>\n\n\n\n<p class=\"has-text-align-left\">\ud83d\udd39\u00a0<strong>JOTA (Jamboree on the Air)<\/strong>\u00a0\u2013 <br>Iwwer Amateurfunkstatione schw\u00e4tze mir mat anere Scouten a l\u00e9iere m\u00e9i iwwer d\u2019Funktechnologie.<br><br>\ud83d\udd39\u00a0<strong>JOTI (Jamboree on the Internet)<\/strong>\u00a0 <br>An Online-Chats, interaktive Spiller a Workshope kn\u00e4ppe mir international Fr\u00ebndschaften.<br><\/p>\n\n\n\n<p class=\"has-text-align-left\">Natierlech dierfen och klassesch Scoutenaktivit\u00e9iten net feelen: Lagerfeier, Teamspiller a vill flott Erausfuerderunge maachen d\u00ebst Weekend zu engem richtegen Highlight!<\/p>\n\n\n\n<p class=\"has-text-align-left\">\ud83d\udcc5&nbsp;<strong>W\u00e9ini?<\/strong>&nbsp;All Joer um dr\u00ebtten Oktoberweekend<\/p>\n\n\n\n<p class=\"has-text-align-left\">Komm mat a erliew mat eis en onvergiesslecht Weekend voller Technik, Spaass an internationalem Austausch! \ud83c\udf0d\ud83d\udce1\ud83d\udcbb<\/p>\n\n\n\n<p><\/p>\n","protected":false},"excerpt":{"rendered":"<p>All Joer organis\u00e9ieren&nbsp;HO-JU Team e spannend&nbsp;JOTA-JOTI Hei entdecke mir d\u2019Welt vun der Kommunikatioun a verbannen eis iwwer Funk an Internet&hellip;<\/p>\n","protected":false},"author":1,"featured_media":0,"parent":0,"menu_order":0,"comment_status":"closed","ping_status":"open","template":"","meta":{"footnotes":""},"class_list":["post-2","page","type-page","status-publish","hentry"],"_links":{"self":[{"href":"https:\/\/hoju.ovh\/index.php\/wp-json\/wp\/v2\/pages\/2","targetHints":{"allow":["GET"]}}],"collection":[{"href":"https:\/\/hoju.ovh\/index.php\/wp-json\/wp\/v2\/pages"}],"about":[{"href":"https:\/\/hoju.ovh\/index.php\/wp-json\/wp\/v2\/types\/page"}],"author":[{"embeddable":true,"href":"https:\/\/hoju.ovh\/index.php\/wp-json\/wp\/v2\/users\/1"}],"replies":[{"embeddable":true,"href":"https:\/\/hoju.ovh\/index.php\/wp-json\/wp\/v2\/comments?post=2"}],"version-history":[{"count":8,"href":"https:\/\/hoju.ovh\/index.php\/wp-json\/wp\/v2\/pages\/2\/revisions"}],"predecessor-version":[{"id":161,"href":"https:\/\/hoju.ovh\/index.php\/wp-json\/wp\/v2\/pages\/2\/revisions\/161"}],"wp:attachment":[{"href":"https:\/\/hoju.ovh\/index.php\/wp-json\/wp\/v2\/media?parent=2"}],"curies":[{"name":"wp","href":"https:\/\/api.w.org\/{rel}","templated":true}]}}